What are the prime factors of d - ((-45)/10 - -5)*-10?
2, 149
Let c = -248 + 188. What are the prime factors of -1 + 21*c/(-9)?
139
Suppose -3*p - 4*p + 42 = 0. Suppose 0 = 4*t - 3*a - 6, -p = -t - 5*a + 7. Suppose -5*m + 3*h + h + 151 = 0, 89 = t*m - 4*h. List the prime factors of m.
31
Let j = 10026 - -1290. List the prime factors of j.
2, 3, 23, 41
Let t be 60/(-14) + 128/56 + -2. Let v be (3 - 1)/(2/(-748)*t). Suppose -2*d + 165 + v = 0. List the prime factors of d.
2, 11
Let v be ((-105)/(-147))/(1/7). Suppose 5*d - 2*d = -v*k - 22, -3*k - 14 = 2*d. List the prime factors of ((-6)/4)/(d/104).
3, 13
Let o = -8571 + 48860. What are the prime factors of o?
40289
Suppose 4*n + 62 - 7 = 5*c, 0 = n - 2*c + 16. List the prime factors of -1 + 2/(n/195)*-9.
2, 5, 7
Let q(n) = 113*n**2 - 17*n + 91. List the prime factors of q(-15).
25771
Let z = 26 - 23. Suppose 0 = -h - 5*u + 260, -z = -h - 3*u + 263. Suppose 4*s = -3*j + h, s - 477 = -5*j - s. What are the prime factors of j?
97
Let h = -14 - -94. Suppose -h = -5*j + 5*g, 27 = 3*j + 2*g - 26. What are the prime factors of j?
17
Let p = -56818 + 90286. What are the prime factors of p?
2, 3, 2789
Suppose -8*a + 1317 = -643. Let i = 67 - 63. Suppose -a = -i*j + 167. List the prime factors of j.
103
Let k be (-21)/63 + (-2041)/(-3) + -1. Let q = k - 323. What are the prime factors of q?
2, 89
Let i(a) = -4*a - 10. Let b be ((-6)/8)/(14/56). Let k be i(b). Suppose 0 = z - 10 - k. What are the prime factors of z?
2, 3
Let t(x) = -x**3 + 10*x**2 - 68*x + 40. List the prime factors of t(-19).
11801
Suppose -74*q + 43*q + 6369198 = 62*q. List the prime factors of q.
2, 11, 283
Let h = -287 + 1259. What are the prime factors of h?
2, 3
Suppose 9*a - 8677 = 15659. Suppose 0 = -10*u + 1946 + a. List the prime factors of u.
3, 5, 31
Let v(d) = d**2 + 10*d + 18. Let n be v(-13). Let z = 37 + n. List the prime factors of z + (4 + -4)/(-4).
2, 47
Let i(p) = 6*p**2 + 9*p + 167. Let l be i(-19). Let d = l - 1303. List the prime factors of d.
859
Suppose 2*d - 370 = 538. Let t = d - 204. Suppose 5*x = -2*l + x + t, 3*x - 505 = -4*l. What are the prime factors of l?
127
Let i = 5464 + 1309. What are the prime factors of i?
13, 521
Let m(v) = 330*v**2 + 5*v + 0*v + 143 + 535*v**2 - 140 - 3*v. What are the prime factors of m(-1)?
2, 433
Let o = -12297 + 16797. List the prime factors of o.
2, 3, 5
Let v(j) = j - 6. Let x be v(9). Suppose 131 = k + a, -141 = -x*k - 2*a + 255. Suppose k + 94 = 4*r. What are the prime factors of r?
3, 19
Suppose 4*l + 11000 = 2*c, -c + l + 3215 = -2279. What are the prime factors of c?
2, 7
Let p = -77587 + 124716. What are the prime factors of p?
47129
Suppose 31*i - 2 = 30*i. Suppose f - 2*z - 238 - 217 = 0, -f - i*z + 443 = 0. List the prime factors of f.
449
Let u = -63879 - -109939. What are the prime factors of u?
2, 5, 7, 47
Suppose 144*w = 193*w - 152733. What are the prime factors of w?
3, 1039
Let c(b) = 16*b + 0*b**3 - b**3 - 6*b - 4 - 8*b. Let h be c(2). List the prime factors of 34/h*1*-28.
7, 17
Suppose -2*s = 4*i - 6376, -6978 = -3*i - 3*s - 2199. List the prime factors of i.
5, 11, 29
Suppose 4*u - 5*l = 63555, -124*u + 121*u + l + 47680 = 0. List the prime factors of u.
5, 11, 17
Let i(m) be the first derivative of -m**4/4 - 16*m**3/3 - 14*m**2 + 34*m + 83. List the prime factors of i(-15).
229
Suppose 150*p - 891 = 147*p. Suppose 2*b = -5*l + p, -2*b - l = l - 294. What are the prime factors of b?
2, 73
Suppose -716162 = -30*q - 32*q. List the prime factors of q.
11551
Let f(k) = k**2 + 5*k + 7. Let q be f(-6). Suppose -41*w + 4*t = -29*w, -t = -5*w. Suppose w*i - 2418 = -q*i. List the prime factors of i.
2, 3, 31
Suppose 3*p - 6 = -q, 2*p + 2*p - 40 = -4*q. Suppose -q*x = -10*x - 6. What are the prime factors of 4 + (-134)/(-6)*x?
71
Let l = 87 + -72. Suppose -47*r + 44*r = -l. Suppose v + 130 = q, -3*q - 4*v + 390 = -r*v. List the prime factors of q.
2, 5, 13
Let w = 9 - 22. Let d(y) = -y**2 - 13*y - 7. Let v be d(w). Let o(k) = -k**3 - 8*k**2 - 8*k + 10. List the prime factors of o(v).
17
Let t be 0*(4 - (-26)/(-6)). Suppose 11*g - 49 + 5 = t. Suppose r + 5 = k - 31, 0 = 5*k + g*r - 198. List the prime factors of k.
2, 19
Let u(s) = -6*s + 150. Let c be u(27). Let f(h) be the second derivative of h**5/20 + 11*h**4/12 - 29*h**3/6 - 3*h**2 + h. List the prime factors of f(c).
2, 3, 11
Let b = -354 - -1102. Suppose 18*l + b = 20*l. List the prime factors of l.
2, 11, 17
Suppose 11*l + 22 - 539 = 0. Suppose 0 = -7*z + 145 - l. What are the prime factors of z?
2, 7
Let k = 19173 - 13733. What are the prime factors of k?
2, 5, 17
Let u be ((-497)/142)/(22/12 - 2). Suppose -5901 = -u*l + 10668. List the prime factors of l.
3, 263
Let y(s) = 2*s**3 + 95*s**2 + 11*s + 125. List the prime factors of y(-30).
5, 11, 569
Suppose -153*r - 6734 = -157*r - 5*z, 5*z = 10. What are the prime factors of r?
41
Let w(i) = i**3 - 3*i**2 - 11*i - 4. Suppose -u + 13 = 4*y, 0 = 2*u + 2*u + 4*y - 40. What are the prime factors of w(u)?
383
Suppose r = -1, -r - 5 = -4*h - 0*r. Let v be 4 + -3 + (4*h - 0). Suppose -k = 4*i + 2*k - 237, -v = 5*k. What are the prime factors of i?
2, 3, 5
Suppose -197268 = -11*n - 11*n - 12*n. What are the prime factors of n?
2, 3, 967
Let u(d) be the second derivative of -29*d**3/6 - 28*d**2 + 44*d. Let f be u(-20). Suppose -2*p = -y - 2*y - f, 5*p - y = 1323. List the prime factors of p.
5, 53
What are the prime factors of (-5168 + -6)/(2/(-8))?
2, 13, 199
Suppose 4*c = 5*a - 2, 3*c + 0*c + 3 = 3*a. Suppose 5*p - 8 = 3*v, 0 = 16*v - 21*v + p + 16. What are the prime factors of 4*(7 + v/a)?
2, 5
Let n(f) = -13*f - 11. Let q(b) = 23*b + 87. Let a be q(-5). What are the prime factors of n(a)?
353
Let h(t) = 3*t**2 + 22*t - 29. Let x be h(9). Suppose p + 6*l - 207 = 5*l, -2*p + x = l. What are the prime factors of p?
5, 41
Let f(x) = 89*x**2 + 614*x - 4368. List the prime factors of f(7).
7, 613
Suppose 35*d + 41*d + 438520 = 2067580. List the prime factors of d.
3, 5, 1429
Let i be (-72)/1*(20/(-6) + 0). Let m = i + -152. Suppose -f + 18 = -m. What are the prime factors of f?
2, 53
Let w(g) = -80*g - 436. Let t be w(-25). Suppose -t = 4*q - 2528. What are the prime factors of q?
241
Suppose -5*c = -5, 3*y + 9*c - 13*c = 989. Let m = -150 + y. What are the prime factors of m?
181
Suppose -32*p = -35050 + 5130. Suppose 22*o - 17*o = p. What are the prime factors of o?
11, 17
Suppose 4*t + 32216 = 4*w, -77*t + 40288 = 5*w - 76*t. What are the prime factors of w?
7, 1151
Suppose -r + 2*u = -21528 - 333, -6 = -2*u. List the prime factors of r.
3, 37, 197
List the prime factors of 1/20*20*(151 + -2)*113.
113, 149
Suppose -173*p = -86*p - 88*p + 5. Suppose 0 = -3*q - q + 8. Suppose -q*n - 70 = z - 246, -20 = -p*z. What are the prime factors of n?
2, 43
Suppose b - 2*a - 13498 = 0, b - 2*a + 107948 = 9*b. List the prime factors of b.
2, 3, 13, 173
Let d(h) = 2*h**2 + 7*h + 7. Let r be d(14). Let c be ((-2)/14*2)/((-71)/r). List the prime factors of (c - 1 - -2)*25.
3, 5
Let u = -4542 + 7033. What are the prime factors of u?
47, 53
Suppose -58*o + 180 = -43*o. What are the prime factors of o/(-20) + (-25790)/(-25)?
1031
Suppose 42*b - 273614 = -61808. List the prime factors of b.
3, 41
Let t(u) = 2*u**2 + u + 14. Let z(i) = -4*i + 2. Let c be z(1). Let h(v) = -4*v - 1. Let p be h(c). List the prime factors of t(p).
7, 17
What are the prime factors of 1/3 + 2265939/351?
2, 3, 269
Let r(h) = -1107*h - 3080. What are the prime factors of r(-7)?
7, 23, 29
Let l(s) = -58*s + 22 - 42*s + 175*s - 57*s + 7*s**2. Let j be l(-12). Suppose -5*z = -2*r - j - 120, -2*r + 194 = z. List the prime factors of z.
2, 47
Suppose q - 37842 = -5*i, 20*q = -2*i + 22*q + 15132. List the prime factors of i.
2, 11, 43
Let q(z) = -36*z + 10. Let h(j) = 73*j - 20. Let n(k) = 3*h(k) + 7*q(k). Let m(x) = 33*x - 10. Let u(d) = -5*m(d) - 4*n(d). List the prime factors of u(-5).
5, 7
Let b = 89 + -85. Suppose -4*w + 0*w + 4*h = 0, 2*h - 30 = -b*w. List the prime factors of 125/1 - w/5.
2, 31
Let z(y) = 16*y**2 + 18*y + 9. Let a be z(-5). Let v = a - 115. What are the prime factors of v?
2, 3, 17
Let n be -3 + 0 + 7 + 0. Suppose g - 2*g - 3 = 3*w, 3*w + n*g + 12 = 0. Suppose 6*l = 102 - w. List the prim